- 59, -2*u + y = -79. List the prime factors of u.
37
Let s(z) = -4*z**3 - 2*z**2 + 3*z + 6. Let b be s(3). Let x = 251 + b. What are the prime factors of x?
2, 5, 7
Let l be (1 + 2 + 5)/(2*1). Suppose -l*s = -2*q - 450, -3*s - 5*q + 116 = -189. List the prime factors of s.
2, 5, 11
Let v be (2 - (0 + 3))/(-1). List the prime factors of (-454 - v)*2/(-5)*1.
2, 7, 13
Let n(w) = -8*w - 47. Let g be n(-14). Suppose 4*p - 207 = g. List the prime factors of p.
2, 17
Let n(g) be the first derivative of -g**4 + g**3 - 3*g**2/2 + 3*g - 24. What are the prime factors of n(-4)?
11, 29
Let g be 778/12 - (-8)/48. Let c = -20 + g. List the prime factors of c.
3, 5
Let u(o) = 12*o**2 + 61*o + 8. List the prime factors of u(-13).
11, 113
Let s(p) = p**2 - 4. Let y be s(3). Suppose 3*b + g - 143 = 3*g, -y*b = -3*g - 238. What are the prime factors of b?
47
Suppose -77*s - 114735 = -393783. What are the prime factors of s?
2, 3, 151
Let w be (-123)/9*3*-1. Let m = 67 - w. List the prime factors of m.
2, 13
Let t(n) = -n**3 + 22*n**2 - 26*n + 1. List the prime factors of t(20).
281
Let s be (-2 - (-1 + -2)) + 190. Let c = -21 + s. List the prime factors of c.
2, 5, 17
Suppose -2*o - d = 24, 3*o = -2*o + 3*d - 60. What are the prime factors of 14/(-10) - o/(-20) - -49?
47
Suppose 45*w + 34508 = 120818. What are the prime factors of w?
2, 7, 137
What are the prime factors of 1391 + (10/2 - 156/26)?
2, 5, 139
Let n(g) = g**3 - 4*g**2 + 3*g + 3. Let j be n(3). Let q(x) = x**3 - 3*x**2 + 2*x - 3. Let r be q(j). Suppose -s = -r*s + 18. List the prime factors of s.
3
Let a(d) = d**3 - 7*d**2. Let y be a(7). Suppose 4*j - 94 - 86 = y. What are the prime factors of j?
3, 5
Suppose 7987 + 82159 = 14*n. List the prime factors of n.
47, 137
Let s(x) = -4*x**2 - 3*x - 3. Let f be s(-2). Let i = f + 55. Let v = i + -24. List the prime factors of v.
2, 3
Suppose -6*d = -3*d - 606. Let s = 133 - d. Let y = s - -97. What are the prime factors of y?
2, 7
Let j = -2325 + 2763. List the prime factors of j.
2, 3, 73
Let k = 1883 - 1123. What are the prime factors of k?
2, 5, 19
Let v(i) = -i**3 - 3*i**2 + 6*i. Let b be -7*(39/21 - 1). Let f be v(b). Let t = f + -17. List the prime factors of t.
5, 11
Let m = 168 + -107. Suppose -j = 2*j - p - 179, p - m = -j. List the prime factors of j.
2, 3, 5
Let c(v) = -93*v - 147. List the prime factors of c(-19).
2, 3, 5
Suppose -150*n = -139*n - 46772. What are the prime factors of n?
2, 1063
List the prime factors of (22 + 2 + -12)/(4/710).
2, 3, 5, 71
Let y(d) = d**2 + 3*d - 9. Let v be 2 + (-11)/4 + (-99)/12. List the prime factors of y(v).
3, 5
Let l(n) = -326*n + 18. List the prime factors of l(-8).
2, 13, 101
Let f(c) = c**3 - 7*c**2 + 11*c - 3. Let v be f(5). Let a be (0 + v/(-4))*50. What are the prime factors of (a/(-10))/(4/24)?
3, 5
Let f(c) = c**2 - 6*c - 4. Let j be f(7). Let r = -42 - -79. Suppose -j*t + r = 10. What are the prime factors of t?
3
Let i(q) = 113*q**2 - 10*q + 14. What are the prime factors of i(-3)?
1061
Let r be 4 + (-69)/18 - (-5251)/(-6). Let t = -612 - r. What are the prime factors of t?
263
Suppose -2*y - 5*t = -9836, 3*y - 8243 = -t + 6524. What are the prime factors of y?
3, 547
Let a be (-1)/5 - 843/(-15). Let j = a - -111. What are the prime factors of j?
167
Suppose -2*b - 2 + 12 = 0, 5*v - 15 = -2*b. Suppose 0 = -4*t - v + 17. What are the prime factors of t/(-10) + (-1528)/(-20)?
2, 19
Let x = 620 + -217. Let q = x + -251. What are the prime factors of q?
2, 19
What are the prime factors of ((-144)/42)/((-6)/4179) - -5?
2393
Let k(c) = -2*c + 102. What are the prime factors of k(-35)?
2, 43
Let c(m) = 7*m**2 - 7*m - 15. What are the prime factors of c(-3)?
3, 23
Suppose 16*f - 2*f - 18550 = 0. What are the prime factors of f?
5, 53
Suppose -2*k + 7 - 43 = 0. List the prime factors of (-12)/k*-6*165/(-4).
3, 5, 11
Let q(o) = o**3 + 6*o**2 - 6*o + 15. Let n(w) = w**3 + 5*w**2 + 5*w + 5. Let u be n(-4). Let y = u - 8. What are the prime factors of q(y)?
2
Let r(n) = -4*n**2 + n + 3. Suppose 3*o - 6 = -3*u, 3*o + o + 16 = 4*u. Let s be r(u). What are the prime factors of s/(-20) + 302/4?
7, 11
Let j = 41 + -38. Suppose -x - 317 = -j*g - 2*x, -2*x - 94 = -g. List the prime factors of g.
2, 13
Let k = -839 - -2157. List the prime factors of k.
2, 659
Let m = 78 + -172. Let z = m + 153. What are the prime factors of z?
59
Let a(w) be the first derivative of -w**4/4 - 5*w**3/3 + 9*w**2/2 - 2*w + 3. Let f be 6/14 - 416/56. List the prime factors of a(f).
3, 11
Suppose -2*y + 3*b = 23, 2*y - 4*b = -2*y - 36. Let t be (y + 7)*8 - -2. Let k = -13 + t. What are the prime factors of k?
13
Let p(u) = -u**3 - u**2 + 2*u + 2. Let o be p(-10). Suppose 11*a = 17*a - o. List the prime factors of a.
3, 7
Let f(t) = -83*t + 76. List the prime factors of f(-22).
2, 3, 317
Let l be 12/(0 + -2)*1. Let k = 4 + l. List the prime factors of (32 - 1) + 0 + k.
29
Suppose -5*p + a = 4*a + 96, 2*a = -3*p - 57. Let z = p - -37. What are the prime factors of z?
2
Let t = 5716 + -3383. What are the prime factors of t?
2333
Let d(y) = -y**2 + 11*y + 3. Let l(x) = -2*x - 9. Let h(b) = b**2 + 5*b - 3. Let u be h(-3). Let w be l(u). List the prime factors of d(w).
3, 7
Suppose 3*w + 69 = s, 5*s - 313 = 2*w - 3*w. Suppose -14*n - s = -17*n. List the prime factors of n.
3, 7
Let t(c) = 16*c**3 - 11*c**2 + 55*c + 20. What are the prime factors of t(7)?
2, 2677
Let g be 0 + 6 - (2 + 1). Let h(r) = g*r + r - r - 2*r - 1. List the prime factors of h(12).
11
Suppose -2*p - 3*p + 275 = 0. Suppose 2*s - 3*r - p = 0, 0*r = -2*s + 2*r + 58. Suppose 2*h = 6*h - s. List the prime factors of h.
2
Let i be 3 + (-10)/4 - (-22)/4. Suppose -162 = -12*n + i*n. List the prime factors of n.
3
Let v = 36 + -36. List the prime factors of (230/(-15) - -1)*(-6 + v).
2, 43
Suppose 4*c + 377 = n, -2*n + 217 + 485 = 5*c. What are the prime factors of n?
19
Let v(w) = 5*w + 5*w + 2 - 3*w + 7. Let f be v(-4). Let j = 10 - f. What are the prime factors of j?
29
Suppose -2*n + 7*n = 0. Suppose 3*b - 2*b - 73 = n. What are the prime factors of b?
73
Suppose f + 31 = 7*a - 2*a, 0 = -3*a - f + 17. Let p(n) = 5*n**2 - 3*n + 6. List the prime factors of p(a).
2, 3, 7
Let q = -319 - -194. Let k = 40 - q. Suppose 2*z + 5*f = 30 + 3, 5*z = 4*f + k. List the prime factors of z.
29
Let s(d) = -3 + 2 + 9*d**2 + 1 - 1 - 3*d. What are the prime factors of s(4)?
131
Let x(s) = s**3 + 17*s**2 + 17*s + 21. Let q be x(-16). Suppose -q*j + 543 = 2*a, a - 3*j - 551 = -a. What are the prime factors of a?
2, 137
List the prime factors of 1 + (-4 - (-1 - (-4 - -3284))).
2, 11, 149
Let i = -41 - -24. Let d = -177 - -149. Let l = i - d. What are the prime factors of l?
11
Let j be 10*(-2)/(-8)*4. Suppose 178 = j*u - 942. What are the prime factors of u?
2, 7
Let s(v) = -5*v**3 - v**2 - 14*v + 7. What are the prime factors of s(-8)?
5, 523
Suppose -68*y + c - 10350 = -71*y, -3*c - 10362 = -3*y. List the prime factors of y.
7, 17, 29
Let h(f) be the second derivative of -f**3/6 + 11*f**2/2 - 5*f. Let t be h(7). Suppose t*u + 6 = 26. What are the prime factors of u?
5
Suppose -7*o + 14*o = 9842. What are the prime factors of o?
2, 19, 37
Let i = -838 + 1515. What are the prime factors of i?
677
Let i(q) = q - 3. Let b be i(3). Suppose a = -b*a + 30. List the prime factors of a.
2, 3, 5
Suppose 3*c + c = -8. Let w(i) = -10*i**3 + i**2 + 5*i + 3. List the prime factors of w(c).
7, 11
List the prime factors of (-4)/((-26256)/4374 - -6).
2, 3
Suppose 5*w = -5*h - 470, -4*h = 5*w - 0*h + 468. Let s = 206 + w. List the prime factors of s.
2, 3, 19
Let i be 5/(75/111) - (-6)/(-15). Let p(r) = 7*r - 2. What are the prime factors of p(i)?
47
Suppose -18*q = -21133 - 5669. List the prime factors of q.
1489
Let q(u) = -5*u**2 + 10*u**2 - 3 - 4*u**2 - 5 + 9*u. Let k be q(-10). Suppose 12 - 82 = -k*l. What are the prime factors of l?
5, 7
Suppose 365 = -2*h + 1155. What are the prime factors of h?
5, 79
Let t = 14 - 11. Suppose -8*i + 15 = -t*i. List the prime factors of -1 + (25 - (i + -3)).
2, 3
Suppose 5*n = -m + 184, 4*m - 2*m = -3*n + 361. Let j = m + 0. What are the prime factors of j?
179
Let k be (-12)/(-18)*9/3. Suppose -k*n - 2*w - 9 = -w, 27 = -3*n + 3*w. Let v = 26 + n. What are the prime fac